 r**2 - 2*r + 3. Determine n(w).
3
Let h(j) = -2*j + 6. Let b be h(0). Let y be 8/6 - b/(-9). Let z(u) = 2*u**2 - 3*u. Determine z(y).
2
Let o(h) = h**3 + 6*h**2 + 3*h. Let l = -4 + 2. Calculate o(l).
10
Let r(b) be the first derivative of -3/2*b**2 + 4/3*b**3 + b - 1/4*b**4 + 2. Let u be ((-2)/4)/(2/(-8)). Calculate r(u).
3
Let l(a) = -a**2 + 14*a - 10. Let b be -6*(-4)/(-6) - -17. Determine l(b).
3
Let f(k) = 8*k**2 - k + 1. Let q(x) = x**2 + 6*x - 15. Let c be q(-8). What is f(c)?
8
Let s(i) = i + 5 + i + 0*i - i. Give s(-4).
1
Suppose 7 = 4*s - 5. Let x(t) = t**3 - 3*t**2 - 2*t - 4. What is x(s)?
-10
Let i be 2 - (-3 - (0 + -3)). Suppose 0 = 4*b + 8, 0*k - k - b - 1 = 0. Let x(w) = -5 + w**2 + 3*w**2 + i*w**2 + w**3 + k. What is x(-6)?
-4
Let q(v) = v**2 - 5*v + 3. Let c be q(5). Suppose 5*l + 20 = -t, -l - c*t = -5*t - 7. Let f(y) = y**2 + y - 2. What is f(l)?
4
Suppose h = 4*q - 15, -3*q + 17 - 6 = -h. Suppose 4*s - 5*s = -5*w - h, -4*s + 4 = 4*w. Let i(l) = s + l**2 - 2 + 2 + 3*l. Determine i(-4).
5
Let v(l) = l**2 - 3 + 6 - l - 1. Let q(u) = u**2 - u - 2. Suppose 1 = 2*p - 3. Let i be q(p). Give v(i).
2
Suppose 3 + 6 = 3*j. Suppose k - 7 = -3. Let h(p) = k + p**2 - 3 - j - 3*p. Give h(3).
-2
Suppose -3*t + 2*b - 1 = 0, -3*t + b + 0 + 4 = 0. Suppose 5*k - 65 = 4*o, -2*k - 4*o + 5 = -21. Suppose -5*y = -k + t. Let n(w) = -w**2 - w. What is n(y)?
-6
Let l = -8 - -6. Let b be (-5)/(-2) - (-1)/l. Let s(v) = 3 - v + b*v - 1. Determine s(-5).
-3
Let h(w) = 54*w - 175*w + 57*w + 63*w. Let j be 2*((-10)/4 - 1). Determine h(j).
7
Let d(p) = -44*p**3 + 3*p**2 - 7*p - 7. Let h(b) = -29*b**3 + 2*b**2 - 5*b - 5. Let s(w) = -5*d(w) + 7*h(w). Determine s(1).
16
Let w be (16/4 - -2) + -10. Let p(f) = -f - 2. Determine p(w).
2
Let k(r) be the third derivative of -r**5/60 + r**3/6 + 2*r**2. Determine k(2).
-3
Suppose -4*h - 14 = 2*j, -h - 9 = -4*j + 8. Let x(r) be the second derivative of r**5/20 - 5*r**4/12 + 2*r**3/3 + r**2/2 - r. Give x(j).
-5
Let z be ((-6)/(-4))/(-1 - 30/(-48)). Let t(o) = o**2 + o - 1. Let r(a) = -6*a**2 - 12*a - 1. Let u(h) = r(h) + 5*t(h). Determine u(z).
6
Let a(k) = -10 - k - 10 + 10. Determine a(0).
-10
Let o(s) = -s**3 + 5*s**2. Let f = 37 + -32. What is o(f)?
0
Let k(t) = -4*t**2 + 6*t - 8. Let g(q) = -q**2 + q - 2. Let p(o) = -6*o**2 + 6*o - 11. Let x(r) = 11*g(r) - 2*p(r). Let z(j) = k(j) + 5*x(j). Calculate z(0).
-8
Let l(b) = -b + 4. Let s(x) be the first derivative of -x**2 + 3*x - 2. Let u(v) = -4*l(v) + 5*s(v). What is u(-1)?
5
Let b(c) = 3*c + 6. Suppose 0*h - 3*h = -36. Suppose -2*r + h = 2*r. Let q be r/(-6)*(-2 - -12). What is b(q)?
-9
Let r(a) = 2*a + 54 - 53 - 3*a. Give r(4).
-3
Let q = 30 - 25. Let u(j) be the second derivative of -9/2*j**2 + 1/12*j**4 + 1/20*j**q + 2*j + 0 - 1/6*j**3. Determine u(0).
-9
Let y(t) = -t - 3*t**2 - 2*t + 44 + t**2 - 46. Determine y(-2).
-4
Let w(u) be the second derivative of u**5/20 + u**4/4 - 5*u**3/3 + u**2 + 10*u. Let z be w(-5). Let g(m) = m**2 - m + 2. Give g(z).
4
Suppose 7*c = -1 + 57. Let n(v) = v - 5. Determine n(c).
3
Let i(p) = 10*p**3 - 2*p**2 - 6*p + 1. Let n(k) = -21*k**3 + 4*k**2 + 13*k - 2. Let s(l) = -13*i(l) - 6*n(l). Calculate s(1).
-3
Let x(m) = 7*m**2 - 5*m - 1. Let i(g) = g**2 + 5*g - 2*g**2 - 2*g - 2*g**2. Let u(v) = -5*i(v) - 2*x(v). Determine u(4).
-2
Let z(v) = 2*v - 9. Let g be z(6). Let x(o) be the first derivative of o**5/60 + o**4/24 - 2*o**3/3 - 3. Let q(b) be the third derivative of x(b). Give q(g).
7
Let l(r) = 0*r + 33 - r + 2*r - 35. Determine l(-3).
-5
Let v(z) = z**2 + 2*z - 4. Let b = -37 + 34. Give v(b).
-1
Let a(h) = -6*h + 4*h**2 - 3*h + h - 1 + h**2. Let f(w) = w**2 - w. Let j(q) = -a(q) + 4*f(q). Give j(2).
5
Let w(i) be the third derivative of -i**5/60 + i**4/24 + i**3/2 - 2*i**2. Let h(v) = -v**3 + 4*v**2 + v - 4. Let b be h(4). Calculate w(b).
3
Let h(x) = -x**2 + 4*x - 1. Let w(d) = -2*d**3 - 3*d**2 - d - 1. Suppose -3*j + 0 = -5*q - 19, j - 9 = 3*q. Let y be w(q). Determine h(y).
-6
Let a be 7 + -1 + (-6)/3. Let h be a*(-1)/(-8)*10. Let d(z) = 0 + z - 2 - 1 + 4. Calculate d(h).
6
Let w(g) = -2*g**3 + 5*g**2 + 2*g - 5. Let i(k) = -k**3 + 3*k**2 + k - 3. Let p(r) = -5*i(r) + 3*w(r). Let q be (20/(-8) + 2)*2. Calculate p(q).
0
Let t(p) = p + 4. Let a(l) = 7*l + 28. Let m(y) = a(y) - 6*t(y). Suppose 4*r + 8 = -24. What is m(r)?
-4
Let p(i) = -4*i**3 + 11*i**2 + 9*i - 10. Let h(w) = -3*w**3 + 7*w**2 + 6*w - 7. Let o(r) = 7*h(r) - 5*p(r). Calculate o(-5).
-9
Let u(n) = n**2 + 1. Let d(a) = -2*a**3 + a**2 - 4*a - 1. Let r(l) = -d(l) - 3*u(l). Suppose -8*q = -3*q + 10. Let g be 16/(-4)*q/4. What is r(g)?
6
Let p(r) = 2*r - 8. Let m(s) = s - 6. Let u be m(12). Calculate p(u).
4
Let i be (-3)/(-9) + (-42)/(-9). Let k(a) = a**2 - 7*a + 3. Give k(i).
-7
Let b(j) = j - 3. Let g be b(5). Let v(s) = 2*s - 3*s - s**g + 3 - s. Let l(f) = f**3 - 9*f**2 + 9*f - 11. Let h be l(8). Give v(h).
0
Let x be (10/(-2) + 0)/(-1). Suppose 0 - 2 = -i. Let h(k) = 2*k**2 - 12*k**2 + k**3 - i*k + 2 + 4*k**2 + 7*k. What is h(x)?
2
Let b(o) be the third derivative of o**4/24 + o**3/2 - o**2. Let l be (-2)/(-13) - 24/(-13). Suppose 12 = -2*x - l*x, -h + 4*x + 9 = 0. Give b(h).
0
Let j(k) = 4*k + 2*k + k**2 + 5 - k. Suppose 0 = 5*d + 24 + 1. Calculate j(d).
5
Let c(p) be the third derivative of -p**4/12 + p**3 + 2*p**2 + 6*p. Suppose 5*x = 32 - 2. Calculate c(x).
-6
Let o = 6 + -3. Suppose -o*f + 1 = -5. Suppose z - 1 = f*z. Let b(m) = -5*m**2 - 1. Give b(z).
-6
Let j = -41 + 38. Let c(q) = -q**3 - 4*q**2 - 2*q + 3. What is c(j)?
0
Let m(x) = x**2 + 4*x - 5. Let c(w) = w**3 + 12*w**2 + 2. Let g be c(-12). Suppose 5*u + 21 = -f - 3, 0 = -5*u - g*f - 23. Determine m(u).
0
Let c(a) = -3*a**2 + 1. Suppose -4*d - 3*f = 0, -2*f + 6*f - 10 = -2*d. Let h(l) = -2*l - 4. Let n be h(d). What is c(n)?
-11
Let t = 6 - 4. Suppose 0 = -2*a - 2*j + 56 + 20, -j + 110 = 3*a. Let b(h) = -2*h - h - 35 + a + 2*h**2. Calculate b(t).
3
Let p = 18 - 29. Let x(t) = 9*t + 15. Let y(o) = 5*o + 8. Let v(r) = p*y(r) + 6*x(r). Suppose -z = 2*b - 11, -10 = -b - 2*z - 0. Calculate v(b).
-2
Let s(k) = k - 2. Let z(u) = -u**3 - 5*u**2 + 7*u. Let j be z(-6). Give s(j).
-8
Let p(o) = -13*o - 9. Let y(a) = -20*a - 14. Let x(z) = -8*p(z) + 5*y(z). Suppose -18 + 10 = -4*j. Determine x(j).
10
Let m(u) = u**2 - 8*u - 11. Let c = -62 + 70. Give m(c).
-11
Let x be 0/(-1) - (-3 - 3). Let c(i) = i**3 - 5*i**2 - 7*i + 9. Let v be c(x). Let j(w) = -w - 5 + 2 + 2*w. Give j(v).
0
Let z(g) = g**2 + 6*g + 2. Let j be z(-6). Suppose -2*r - 3*m = 2, -j*m + 6 = 5*r - 0. Let t(p) = 5*p - 1. Calculate t(r).
9
Let a(h) = -5*h**2 + 2*h + 5. Let y(s) = -2*s**2 + s + 2. Let k(t) = 6*a(t) - 14*y(t). Suppose -3*g = -2*m - 4*g - 7, -2*g + 13 = -5*m. What is k(m)?
-10
Let t(d) = -212*d**2 + 217*d**2 - 4*d + 2*d**3 + 3*d**3 - 6*d**3. Give t(3).
6
Let h = -4 - -7. Suppose 0 = h*a - 4*a + 5. Suppose -5*z = -5*o + 40, -3*o - 14 + 46 = -a*z. Let d(u) = u**2 - 4*u - 1. Calculate d(o).
-1
Let z(t) = -t**2 - 7*t - 4. Suppose -2*q + 3*q = -6. Give z(q).
2
Let s(a) = -2*a - 1. Suppose -3 = o - 10. Determine s(o).
-15
Let c = 38 + -39. Let w(j) = 9*j**2 + 2*j + 1. Calculate w(c).
8
Let b(a) = 2*a**3 - 12*a**2 - 9*a. Let l(n) = 3*n**3 - 13*n**2 - 9*n - 1. Let h(c) = -4*b(c) + 3*l(c). Calculate h(-8).
-11
Let r(w) = w - 1. Let v(j) = 5*j - 5. Let b(d) = -4*r(d) + v(d). What is b(6)?
5
Suppose -45 = 10*y - y. Let f(k) = -k - 6. Give f(y).
-1
Let y(z) = 3*z. Let o(b) = -b. Let k(i) = 2*o(i) + y(i). Let x(q) = q - 1. Let h be 4 - (1 + (-8)/(-2)). Let n(u) = h*x(u) + 5*k(u). What is n(-1)?
-3
Let r = -8 - -5. Suppose 5*m + 2*b - 14 = 4*b, 4*b = 3*m - 14. Let x(d) = -2*d**m + 0*d**2 + 3*d**2 + 2*d. Give x(r).
3
Suppose -l + 4*l = 24. Suppose l = 3*r - 7*r. Let s(d) be the second derivative of d**4/12 + d**3/3 + d**2 + d. Calculate s(r).
2
Suppose -v + 13 = -3*f, -f + 2*v = -3*v + 9. Let s(q) = -q - 4. Determine s(f).
0
Let z(n) = -8*n - 3. Let u be z(-2). Suppose 0 = -2*q + 5*q + 5*a + u, 2*q + 4*a = -10. Let t(k) = -1 + k**2 + 5*k**2 - 3*k**2. Calculate t(q).
2
Suppose 0 = 5*v - 10, 2*q + v = -3*q + 32. Let c(t) = t**2 - 6*t. Give c(q).
0
Let f = 11 + -11. Let i(x) be the first derivative of 6*x - 1 - 1/2*x**2. Determine i(f).
6
Let n(m) = -m 